. Determine u(1).
-35
Let h(y) = -15*y + 122. Give h(10).
-28
Let x(l) = -4*l + 4. Give x(3).
-8
Let v(q) = 28*q + 3. Calculate v(1).
31
Let g(r) = r + 4. Determine g(-9).
-5
Let s(j) = -j - 9. Give s(-7).
-2
Let o(n) = n**3 + 20*n**2 + 51*n - 5. Give o(-17).
-5
Let c(x) = 15*x + 150. Give c(-6).
60
Let v(d) = d + 25. Calculate v(-13).
12
Let p(c) = -c + 28. Give p(22).
6
Let g(z) = -6*z + 13. Give g(9).
-41
Let c(l) = l**3 + 30*l**2 + 81*l - 36. Determine c(-27).
-36
Let k(d) = -d**2 + 2*d - 6. Calculate k(5).
-21
Let r(m) = 3*m - 17. Calculate r(5).
-2
Let v(c) = c + 15. Calculate v(5).
20
Let f(z) = z**2 + 11*z - 4. Determine f(-10).
-14
Let t(s) = 2*s**2 - s - 1. Calculate t(2).
5
Let d(q) = q**3 + 5*q**2 - 4*q - 2. What is d(-6)?
-14
Let y(o) = 5*o - 3. Give y(-5).
-28
Let g(l) = -3*l**3 - l**2 + l + 1. Determine g(-2).
19
Let m(c) = -2*c**3 - 5*c**2 + 3*c. Calculate m(1).
-4
Let u(k) = k**3 - 2*k**2 - 13*k + 5. Give u(5).
15
Let m(c) = c**3 + 7*c**2 + 6*c + 7. Determine m(-5).
27
Let a(g) = 3*g**2 - 8*g - 9. What is a(5)?
26
Let x(a) = -a**2 - 44*a - 373. Give x(-32).
11
Let i(a) = -a**2 + 3*a + 3. What is i(-5)?
-37
Let f(t) = t**3 + t**2 - 1. Give f(0).
-1
Let a(r) = -r**3 + 19*r**2 - 34*r - 11. Determine a(17).
-11
Let k(h) = -11*h - 112. Give k(-12).
20
Let p(g) = -2*g**2 - 71*g + 588. Determine p(7).
-7
Let u(x) = x**3 + x**2 - 2*x - 6. Give u(0).
-6
Let x(b) = b**2 - 12*b - 3. Determine x(7).
-38
Let a(n) = -n**3 - 6*n**2 + 8*n - 7. What is a(-8)?
57
Let m(y) = y**3 - 9*y**2 + 6*y + 11. Determine m(8).
-5
Let q(f) = 4*f + 7. What is q(-3)?
-5
Let h(d) = -d**2 - 17*d + 35. Give h(-19).
-3
Let b(c) = 5*c - 8. What is b(10)?
42
Let o(s) = 5*s - 32. Determine o(6).
-2
Let b(s) = -s**2 + 3*s + 13. What is b(9)?
-41
Let m(h) = -h**3 + 8*h**2 - 2*h + 9. Determine m(8).
-7
Let t(f) = 2*f - 37. Give t(21).
5
Let w(m) = -m**3 - 7*m**2 - 8*m + 11. Calculate w(-5).
1
Let h(k) = -k**3 + 7*k**2 + k + 1. Give h(7).
8
Let r(a) = -a**3 - 6*a**2 + 3. Give r(-5).
-22
Let b(t) = -t**3 + 77*t**2 - t + 72. Give b(77).
-5
Let j(c) = -c**2 + 5*c + 18. What is j(4)?
22
Let d(x) = x + 9. What is d(-3)?
6
Let l(b) = 14*b - 17. Calculate l(6).
67
Let u(f) = 2*f**2 + 23*f - 65. What is u(-14)?
5
Let j(r) = -r**2 + 6*r - 5. Determine j(4).
3
Let y(v) = -v**2 + 7*v - 9. Determine y(4).
3
Let r(y) = 4*y**2 + 70*y - 113. Calculate r(-19).
1
Let u(n) = -n**2 - 10*n - 3. Give u(-9).
6
Let r(x) = 7*x**2 + x. Determine r(-1).
6
Let g(d) = 5*d**2 + 2*d - 1. Give g(1).
6
Let h(m) = 3*m - 8. Determine h(2).
-2
Let c(p) = -p**2 - 6*p + 3. What is c(-11)?
-52
Let x(j) = 2*j - 5. Determine x(3).
1
Let a(c) = c**2 - 8*c - 2. Calculate a(10).
18
Let o(b) = -b**2 - 13*b - 28. Determine o(-9).
8
Let z(g) = 2*g**2 - 36*g + 50. What is z(16)?
-14
Let x(u) = -2*u**3 - 2*u**2 + 3*u + 2. Determine x(-2).
4
Let f(a) = a**2 - 7*a - 4. Calculate f(13).
74
Let z(o) = -2*o**2 - 17*o - 10. Calculate z(-5).
25
Let z(h) = h**2 - 24*h - 181. What is z(-6)?
-1
Let o(k) = 9*k - 127. Give o(14).
-1
Let f(w) = 2*w**2 + 44*w - 145. Determine f(3).
5
Let r(i) = -26*i + 77. Give r(6).
-79
Let q(p) = 4*p**2 - 6*p + 4. Give q(4).
44
Let g(b) = -7*b**2 - 4*b - 3. What is g(-1)?
-6
Let b(g) = g**3 + 5*g**2 + 6*g + 1. Determine b(-4).
-7
Let h(y) = -y**2 - 4*y + 121. Determine h(9).
4
Let c(o) = -12*o**2 + o - 2. What is c(1)?
-13
Let t(z) = -z**2 - 5*z + 5. What is t(-6)?
-1
Let t(y) = -55*y - 2. Determine t(-1).
53
Let o(q) = q**2 - 21*q + 8. Calculate o(20).
-12
Let q(s) = -s**3 - 23*s**2 + 23*s - 23. What is q(-24)?
1
Let o(a) = 4*a - 42. Determine o(12).
6
Let y(b) = -b**2 + b + 44. Calculate y(7).
2
Let k(r) = r**3 - 7*r**2 - r + 16. Determine k(7).
9
Let u(b) = b**2 + 42*b + 274. Give u(-8).
2
Let x(q) = q + 3. What is x(-8)?
-5
Let g(x) = -x**3 - 37*x**2 - 131*x + 40. Give g(-33).
7
Let j(w) = -w**3 + 10*w**2 + 8. Determine j(7).
155
Let q(f) = 7*f + 8. What is q(-6)?
-34
Let a(b) = 21*b + 14. Give a(-2).
-28
Let l(j) = -j**3 + 33*j**2 + 33*j + 25. What is l(34)?
-9
Let i(d) = -14*d + 10. Calculate i(2).
-18
Let d(o) = -13*o**3 - 3*o**2 - 3*o - 2. Determine d(-1).
11
Let b(f) = -2*f**3 - 10*f**2 + 11*f + 13. Determine b(-6).
19
Let o(t) = -2*t - 3. Determine o(-4).
5
Let u(l) = 2*l**3 - 11*l**2 - 8*l - 1. What is u(6)?
-13
Let d(p) = -p**2 + 5*p - 4. Calculate d(5).
-4
Let n(b) = -b**2 + 6*b + 3. Calculate n(4).
11
Let z(h) = -46*h + 97. What is z(2)?
5
Let w(c) = -c**2 + 3*c + 1. Calculate w(-1).
-3
Let v(x) = 7*x + 40. Determine v(-7).
-9
Let l(y) = y + 1. Determine l(-10).
-9
Let w(j) = -j**2 + 8*j. Give w(10).
-20
Let s(z) = 5*z - 2. Calculate s(3).
13
Let i(c) = c**3 + 14*c**2 - c - 9. Determine i(-14).
5
Let r(i) = -2*i**2 - 16*i - 21. Calculate r(-9).
-39
Let a(v) = -8*v - 3. Give a(6).
-51
Let q(k) = k**3 + k - 29. What is q(0)?
-29
Let u(d) = d**2 - 15*d - 9. Give u(0).
-9
Let p(x) = x**3 - 2*x**2 + x + 3. Determine p(4).
39
Let o(b) = b**3 - 17*b**2 + 18*b - 21. What is o(16)?
11
Let n(p) = -p**2 + 16*p + 1. Give n(11).
56
Let p(s) = -10*s**2 + 91*s - 4. Determine p(9).
5
Let s(l) = -l**2 + l - 7. Give s(-5).
-37
Let o(h) = 17*h + 43. Determine o(-5).
-42
Let f(u) = -141*u - 133. Determine f(-1).
8
Let z(h) = 26*h + 497. What is z(-19)?
3
Let l(b) = 5*b**3 + 3*b**2 - 3*b - 1. Determine l(1).
4
Let y(j) = -5*j + 36. What is y(8)?
-4
Let k(w) = 4*w + 3. Calculate k(8).
35
Let c(v) = 4*v + 48. Determine c(-11).
4
Let n(b) = b**3 - 8*b**2 + 2*b + 35. Determine n(7).
0
Let g(z) = -8*z + 12. Calculate g(6).
-36
Let l(c) = -38*c**2 - 2*c. Determine l(1).
-40
Let z(o) = 6*o + 9. Give z(9).
63
Let s(o) = o**2 - 16*o - 82. Calculate s(19).
-25
Let b(q) = q**3 - 10*q**2 - 9*q + 10. Calculate b(11).
32
Let u(z) = z**2 - 11*z + 19. Determine u(7).
-9
Let t(h) = -h**3 + 13*h**2 - 2*h + 19. Give t(13).
-7
Let r(z) = 2*z + 16. Determine r(-5).
6
Let j(w) = w + 7. Determine j(-10).
-3
Let w(r) = -10*r**2 + 2*r. Calculate w(2).
-36
Let r(l) = -10*l + 21. What is r(2)?
1
Let b(i) = i**2 + 16*i + 53. Calculate b(-14).
25
Let m(x) = -x**3 - 5*x**2 + 6*x - 3. Give m(-6).
-3
Let t(b) = 87*b + 157. Calculate t(-2).
-17
Let o(i) = -11*i. Give o(-1).
11
Let m(j) = 27*j - 309. Determine m(11).
-12
Let p(c) = 2*c**3 - 79*c**2 + 117*c - 103. Calculate p(38).
11
Let i(l) = -l**3 - 9*l**2 - 9*l. Give i(-7).
-35
Let g(b) = 2*b - 1. Determine g(-9).
-19
Let r(b) = b**3 + 13*b**2 + 24*b + 15. Give r(-11).
-7
Let n(t) = t**2 + 16*t - 39. Give n(-18).
-3
Let r(a) = -a**2 + 17*a + 5. Calculate r(13).
57
Let h(m) = m**2 + 9*m + 9. What is h(-9)?
9
Let r(w) = 8*w - 5. Give r(5).
35
Let o(u) = u**3 - 4*u**2 + 7*u. Calculate o(6).
114
Let w(m) = m**3 + 8*m**2 - 5*m + 12. What is w(-9)?
-24
Let k(o) = o**2 - 14*o + 3. What is k(15)?
18
Let g(k) = -k**3 - 14*k**2 - 29*k + 1. What is g(-12)?
61
Let k(h) = -h**3 + 28*h**2 - 4*h + 87. What is k(28)?
-25
Let n(i) = 52*i + 54. Give n(-3).
-102
Let f(x) = -x**2 + 10*x - 20. What is f(11)?
-31
Let g(x) = 21*x - 49. Determine g(3).
14
Let z(u) = 7*u**2 - 4. What is z(-3)?
59
Let n(g) = g**2 + 14*g + 29. Give n(-10).
-11
Let w(v) = -v**2 + 32*v + 179. Give w(37).
-6
Let w(t) = 2*t**3 + 9*t**2 + 4*t - 1. What is w(-4)?
-1
Let v(x) = x**3 - 4*x**2 + 4*x + 9. Determine v(0).
9
Let o(k) = -7*k - 1. Calculate o(4).
-29
Let k(l) = l**3 + 2*l**2 - 2*l - 5. Calculate k(-2).
-1
Let n(y) = y**2 - 9*y - 49. What is n(11)?
-27
Let c(g) = g + 12. Determine c(-5).
7
Let z(d) = -d**2 + 15*d + 50. Calculate z(23).
-134
Let h(s) = -27*s - 562. What is h(-21)?
5
Let a(z) = -13*z**2 - z. Give a(-2).
-50
Let w(l) = 38*l**2 - 16*l + 15. Calculate w(1).
37
Let r(k) = 5*k**2 - 4*k + 5. Determine r(2).
17
Let z(a) = -a**2 + 13*a + 36. Calculate z(-3).
-12
Let b(w) = -7*w - 45. What is b(-6)?
-3
Let o(l) = -l**3 - 21*l**2 - 37*l + 9. Calculate o(-19).
-10
Let w(n) = 7*n - 22. Give w(4).
6
Let d(f) = f**2 + 6*f - 8. Calculate d(2).
8
Let g(n) = -n**3 - 4*n**2 + 7*n + 5. Give g(3).
-37
Let n(y) = -y**2 - 6*y - 2. Calculate n(-4).
6
Let h(v) = -6*v + 69. Calculate h(13).
-9
Let s(j) = -j**3 + 4*j**2 - j + 3. Give s(3).
9
Let k(y) = -10*y - 45. Calculate k(-24).
195
Let h(f) = -f**3 - f**2 + 4*f + 3. What is h(-3)?
9
Let x(s) = 4*s**2 + 17*s - 9. Calculate x(-5).
6
Let j(w) = w**2 + 18*w + 1. Give j(-8).
-79
L